lculate the greatest common factor of 10 and d.
10
Let n = 52 + 15. Let j = 110 - n. Suppose 2*s - 2 - 2 = 0, -s - j = -x. What is the highest common divisor of x and 18?
9
Let a be (-4 + 2)/(2/(-4)). Suppose -l + 5*m - 7 = 0, 5*l = -a*m + 100 + 10. Suppose p + 27 = 2*p. Calculate the highest common factor of l and p.
9
Let o be (9 - 3)/(0 - -2). Let k be (1 - 0)/((-2)/38). Let f be (0 - k) + 0 + 2. What is the highest common factor of o and f?
3
Let s be (-11 + -34)*(4/6)/(-2). Suppose -5*p + 10*p = 3*m - 49, -4*p = 4*m + 20. Let r = 11 + p. What is the highest common divisor of r and s?
3
Let n(q) = -2*q - 6. Let t be n(-5). Let x = t - 2. Suppose k = 4*a - 55, -2*a - 4*k = x*a - 60. Calculate the highest common factor of 7 and a.
7
Let a be 1/1 - (-7 - 1). Let b be (-2)/(-6) + 6/a. Let o = b - -7. What is the greatest common divisor of o and 64?
8
Suppose -j = 2*j - 24. Let c be 0 + 3 - (-2 - 19). Calculate the highest common factor of j and c.
8
Let u(l) = l**2 + 2*l + 1. Let v be u(-3). Suppose -v*c = -2*i + c + 26, 0 = -3*i - 3*c + 39. Calculate the highest common divisor of i and 52.
13
Let x(b) = 3*b**2 + 3*b. Let c be x(2). Calculate the highest common factor of 6 and c.
6
Suppose -c = -4*c + 72. Suppose z + 2*s = -24 + 64, 4*z - 146 = -s. What is the greatest common divisor of c and z?
12
Suppose 20 + 0 = s. Suppose -u + 3 = -29. Suppose -3*b + u = b. What is the greatest common factor of b and s?
4
Let q(n) = -11*n + 1. Let v = 6 - 6. Suppose 4 = -4*b - v*b. Let u be q(b). Calculate the highest common divisor of u and 84.
12
Let i(u) = 7 + u + 8 - 3. Let z be i(-10). Suppose z*l - 45 = 45. What is the highest common divisor of l and 18?
9
Suppose -86 + 26 = -5*j. What is the highest common factor of j and 12?
12
Suppose p - 5*l + 45 = 0, p + p - 2*l + 58 = 0. Let k be (-15)/p - 81/(-15). Calculate the highest common divisor of 15 and k.
3
Let l be 57/3 + 4 + -7. Calculate the greatest common divisor of l and 64.
16
Suppose -2*d = -3*d - 4*z + 6, 4 = -4*z. Calculate the highest common factor of d and 10.
10
Let z be 66/5*25/10. Calculate the highest common divisor of 22 and z.
11
Let n = -103 + 231. What is the greatest common divisor of 16 and n?
16
Let m(n) = n**2 - n + 11. Let p be m(0). Let q be (-2)/(-5) - 1911/(-35). Let g = q - 33. Calculate the highest common divisor of p and g.
11
Let w(j) = -22 + 3*j**2 - j**2 - j**2 + 0 - 6*j. Let s be w(10). Calculate the greatest common divisor of 6 and s.
6
Let h be (-22)/(-2)*(11 + -2). Let t(m) = -m + 11. Let k be t(0). Calculate the highest common divisor of h and k.
11
Suppose -2*z + 44 + 172 = 0. What is the greatest common factor of 12 and z?
12
Let w be 1988/36 + 1 + 4/(-18). Calculate the highest common factor of w and 168.
56
Suppose 27 = 3*f - i - 16, -3*f + 3*i = -45. Calculate the greatest common factor of 14 and f.
14
Let a(z) = -14*z**3 - 3*z**2 - 4*z - 3. Let q be a(-3). Suppose -3*m + 260 = -r, 3*m - q = -m - 2*r. Calculate the greatest common factor of m and 11.
11
Suppose 2*h = -4*w + 50, 0*w = 4*w - 3*h - 75. Calculate the highest common factor of 10 and w.
5
Let n(c) = -17*c**3 - c**2 - 2*c - 1. Let i be n(-1). Let s = i + -1. Suppose 0 = 4*x - 844 + 140. Calculate the highest common factor of x and s.
16
Let l be (-24)/(-2)*(-2)/(-4). Let r(v) = v**3 + 2*v**2 + 6*v - 4. Let u be r(4). Let n = -68 + u. Calculate the greatest common divisor of n and l.
6
Let w = 80 + 218. Let q = w + -208. Calculate the highest common factor of q and 10.
10
Let x(p) = -p**2 + 6*p + 10. Let z be x(7). Suppose b = -z*b + 76. What is the greatest common divisor of b and 76?
19
Let s = -142 - -160. Suppose -16 = -k + 11. Calculate the greatest common factor of s and k.
9
Let l(p) = -p**3 + 7*p**2 - p + 9. Let r be l(7). Let k(h) = -h**2 + 6*h - h**2 + h**2 - r. Let u be k(4). Calculate the highest common factor of u and 15.
3
Let j = -20 + 42. Let r = j - 8. What is the greatest common divisor of r and 28?
14
Suppose -5*v + 56 = -v. Suppose -2*z + 52 = 7*j - 2*j, 0 = -3*j. Let w = z + -5. What is the greatest common factor of v and w?
7
Suppose 2*t - 16 = -3*v, -5*v + 3*t + 9 = -5. Suppose 97 - 25 = v*b. What is the highest common factor of 9 and b?
9
Let q be -12*20/48*4. Let j be -2 - q/((-4)/(-2)). Calculate the highest common divisor of j and 12.
4
Suppose 0*v + 3*v - 236 = -4*c, -v + 3*c = -70. Calculate the highest common divisor of 4 and v.
4
Suppose -d = 4*d - 30. Let q be 99/6 - (-3)/d. Let p(f) = 8*f**2 + 3*f + 2. Let v be p(-5). Calculate the highest common factor of q and v.
17
Let t = -14 - -20. Suppose t*b - b = -4*f + 132, -f = -3*b + 69. Let q = -40 + 43. What is the highest common factor of q and b?
3
Suppose x = -4*x. Let u be x + 2 + 200/4. Calculate the highest common factor of u and 13.
13
Suppose 4*g = a + 45, -2*g - 3*a + 1 + 4 = 0. Suppose -g = -2*o + 2*n - n, 2*o - 14 = 2*n. Calculate the greatest common divisor of o and 6.
3
Suppose 0 = 5*c - s - 439, 0 = 4*s + 2 - 6. Calculate the greatest common divisor of 8 and c.
8
Suppose 0 = -r - 3*z + 57, -r + 2*z + 37 = z. Let s(k) = -k**2 + 12*k - 28. Let y be s(7). Calculate the highest common factor of y and r.
7
Let t be (-9)/(-3) + 0 + 92. Calculate the greatest common factor of 38 and t.
19
Let d = -33 + 61. Let a be (-2)/(-9) + 75/27. Let w = a - -1. Calculate the greatest common divisor of d and w.
4
Suppose 20 = 2*d - 12. What is the highest common factor of 128 and d?
16
Let n(h) be the first derivative of -5*h - 2 - 1/2*h**2 + 1/3*h**3. Let m be n(-4). Calculate the highest common factor of m and 10.
5
Let m be (6/9)/(4/18). Let j be (2 - 1)/(m/6). Suppose -j*g + 54 = -26. Calculate the highest common divisor of 5 and g.
5
Let m(z) = -z**3 + z + 1. Let d be 0/(0/2 - -2). Let c be m(d). Suppose -5*n - o + 7 = -4, 0 = 5*n - 3*o - 27. Calculate the greatest common divisor of n and c.
1
Let r = -43 + 60. Let d be -3 + (0 - -1) - -70. What is the greatest common factor of r and d?
17
Let q be 4/((-20)/(-145)) - 1. Let y(a) = a**3 - 7*a**2 + 8*a + 2. Let d be y(6). Calculate the greatest common divisor of q and d.
14
Let f = -6 - -9. Let b be f/(-9)*0 - -14. Let l be (-250)/(-9) - 4/(-18). Calculate the greatest common divisor of l and b.
14
Let n(b) = 3*b**3 - 1 - 5*b**3 - b + 3*b**2 - b**2 - 3*b**2. Let i be n(-1). Calculate the highest common factor of i and 8.
1
Let x be 2/20 + (-12591)/(-90). What is the greatest common factor of 42 and x?
14
Suppose -3*p = -8 - 148. Let o be (-6)/9 + (-1988)/(-12). Let f = o + -35. What is the greatest common factor of f and p?
26
Let v be 1/(-2)*7*-10. Suppose -3*o = 2*o - v. What is the highest common divisor of o and 7?
7
Let k(u) = -719*u - 1. Let f be k(-1). Suppose f = -3*b + 7*b + 2*x, -5*x = 25. What is the greatest common divisor of 26 and b?
26
Suppose -3*k = 5*f - 32, k + 2*f - 4*f + 4 = 0. Suppose -k*p = -p - 144. Calculate the greatest common divisor of 6 and p.
6
Let r be (8/(-12))/(4*4/(-216)). Calculate the greatest common factor of r and 9.
9
Suppose 2*h - 4*h = -10. Calculate the highest common factor of 40 and h.
5
Let p = 107 + -77. What is the greatest common divisor of p and 12?
6
Let u = 16 - 0. Let s = -9 + 15. Suppose s*i + 5*q - 32 = 2*i, -8 = -i - 4*q. Calculate the greatest common factor of u and i.
8
Suppose 3*y = 4*t + 4*y - 356, -12 = 3*y. Let h be ((-90)/(-25))/(2/t). Suppose o = -0*o + h. Calculate the greatest common factor of 18 and o.
18
Let l = 10 - 4. Let t = -4 + l. What is the highest common divisor of t and 8?
2
Let o be (28/10)/(1/5). Let q be 8/20 + 138/5. What is the highest common factor of o and q?
14
Let w be (-92)/(-16) - 3/(-12). What is the highest common divisor of w and 36?
6
Suppose 2*v - 24 = 6. Let r = 57 + -42. What is the greatest common factor of r and v?
15
Let h be 2/(-2 - -1) + 1. Let l be (14/(-21))/(h/96). Calculate the highest common divisor of 8 and l.
8
Let w = 13 - 4. Let l = 18 - w. Let h = 3 - -15. Calculate the greatest common factor of h and l.
9
Let f be (-4 - -2) + (11 - -1). Let n be 7*1*f/35. Suppose 0 = n*w - 4*w + 28. What is the highest common factor of w and 154?
14
Let h(x) = -x + 22. Let v be h(7). Let o = -20 - -50. What is the greatest common factor of o and v?
15
Let y(u) = -4 + u + 3 + 3 -